{"id":286,"date":"2016-06-10T12:18:55","date_gmt":"2016-06-10T10:18:55","guid":{"rendered":"https:\/\/www.bildungswerksport.de\/welt\/bericht\/?page_id=286"},"modified":"2016-07-06T15:30:06","modified_gmt":"2016-07-06T13:30:06","slug":"mitglieder-und-partnervereine","status":"publish","type":"page","link":"https:\/\/www.bildungswerksport.de\/welt\/bericht\/leistung-jetzt\/mitglieder-und-partnervereine\/","title":{"rendered":"7 &#8211; Mitglieder und Partnervereine"},"content":{"rendered":"<h1 style=\"text-align: center\">&#8211; 7 &#8211;<\/h1>\n<div><a class=\"lightbox-image\" title=\"\"><img decoding=\"async\" class=\"img-frame aligncenter\" src=\"https:\/\/www.bildungswerksport.de\/welt\/wp-content\/uploads\/sites\/3\/2016\/06\/mitglieder_oval.jpg\" \/><\/a><\/div>\n<h1 style=\"text-align: center\">Mitglieder und Partnervereine<\/h1>\n<p><strong>Die Menschen in unseren Mitgliedsorganisationen und Partnervereinen sind wichtige Schl\u00fcsselpartner des Bildungswerks. Wir tun vieles, um die Bildungsreferenten und Kursorganisatoren, die Lehrreferenten und Kursleiter gl\u00fccklich zu machen. Wir beraten und unterst\u00fctzen bei der Ausschreibung und der \u00d6ffentlichkeitsarbeit. Bieten gerade f\u00fcr Kursleiter ein umfangreiches Qualifizierungsprogramm, \u00fcbernehmen die Versicherung f\u00fcr Nichtmitglieder in Vereinskursen und zahlen einen attraktiven Organisationskostenzuschuss. Als Bonbon erh\u00e4lt jeder unserer Schl\u00fcsselpartner eine pers\u00f6nliche Bildungswerk Karte Gold \u2013 kostenfrei.<\/strong><\/p>\n<p>Das Bildungswerk des LSB bietet Sportorganisationen jeder Art den Zugang zur Erwachsenenbildung und macht sie so zukunftssicher. Denn Kursangebote haben sich in offenen, zukunftsgerichteten Vereinen seit Jahren etabliert. Auch die Aus- und Fortbildungen der Sportverb\u00e4nde sind Weiterbildung im Sinne des rheinland-pf\u00e4lzischen Weiterbildungsgesetzes.<\/p>\n<p>Mitgliedsorganisationen und Partnervereine k\u00f6nnen auf unterschiedlichste Weise durch die Zusammenarbeit mit dem Bildungswerk profitieren.<\/p>\n<p>Den Entscheidungstr\u00e4gern in den Sportvereinen muss man sagen, dass Kursangebote die Vereinsarbeit immer mit innovativen Inhalten bereichern. Obwohl alle Vereine unterschiedlich sind, ist ein erfolgreicher Kursbereich immer ein Motor, der neue Kr\u00e4fte im Verein freisetzt. Wir haben einige Gr\u00fcnde zusammengefasst. Klicken Sie sich durch.<\/p>\n\r\n<div class=\"content-slider-wrapper\" >\r\n<div class=\"content-slider cols-wrapper cols-2\" id=\"content-slider-286\" >\r\n\t<div class=\"section-boxed\">\r\n\t<ul id=\"cs-slider-ul\" style=\"min-height:400px;\">\r\n\t\t\r\n\t\t\t <li data-bg_image_url=\"https:\/\/www.bildungswerksport.de\/welt\/wp-content\/uploads\/sites\/3\/2016\/06\/Grund_bg.png\" data-bg_image_opacity=\"0.8\" data-layout=\"centered\" data-animation=\"random\" data-bg_color=\"\" data-bg_align=\"center center\" class=\"cs-layout-centered\" style=\"color:#003399;\">\r\n\r\n\t\t\t\t<!-- first slider box -->\r\n\t\t\t\t<div class=\"cs-content-centered col cs-content\">\r\n\t\t\t\t\t <h2 class=\"cs-title cs-element\" style=\"font-size:40px;font-weight:bold;font-style:normal;text-transform:uppercase;\">Zufriedene Mitglieder...<\/h2>\r\n\r\n\t\t\t\t\t<p class=\"cs-element\" style=\"font-size:20px;font-weight:bold;font-style:normal;text-transform:none;\">durch Ausstattung mit modernen Sportger\u00e4ten und niedrige Mitgliedsbeitr\u00e4ge aus den zus\u00e4tzlichen Einnahmen durch die Kursangebote.<\/p>\r\n\t\t\t\t\t\t\t<p class=\"clear\"><\/p>\r\n\t\t\t\t\t\r\n\t\t\t\t\t\t\t\t\t<\/div>\r\n\t\t\t\t<!-- second slider box -->\r\n\r\n\t\t\t\t\t\t\t<\/li>\r\n\t\t\t <li data-bg_image_url=\"https:\/\/www.bildungswerksport.de\/welt\/wp-content\/uploads\/sites\/3\/2016\/06\/Grund_bg.png\" data-bg_image_opacity=\"0.8\" data-layout=\"centered\" data-animation=\"slideLeft\" data-bg_color=\"\" data-bg_align=\"center center\" class=\"cs-layout-centered\" style=\"color:#003399;\">\r\n\r\n\t\t\t\t<!-- first slider box -->\r\n\t\t\t\t<div class=\"cs-content-centered col cs-content\">\r\n\t\t\t\t\t <h2 class=\"cs-title cs-element\" style=\"font-size:40px;font-weight:bold;font-style:normal;text-transform:uppercase;\">Motivierte \u00dcbungs- und Kursleitende...<\/h2>\r\n\r\n\t\t\t\t\t<p class=\"cs-element\" style=\"font-size:20px;font-weight:bold;font-style:normal;text-transform:none;\">durch moderne Ger\u00e4teausstattung, \u00fcberschaubaren Zeitrahmen, \u00dcbernahme von Fortbildungskosten, Umsetzungsm\u00f6glichkeiten f\u00fcr eigene Ideen, entsprechende Honorierung und direktem Goldstatus beim Bildungswerk des LSB Rheinland-Pfalz.<\/p>\r\n\t\t\t\t\t\t\t<p class=\"clear\"><\/p>\r\n\t\t\t\t\t\r\n\t\t\t\t\t\t\t\t\t<\/div>\r\n\t\t\t\t<!-- second slider box -->\r\n\r\n\t\t\t\t\t\t\t<\/li>\r\n\t\t\t <li data-bg_image_url=\"https:\/\/www.bildungswerksport.de\/welt\/wp-content\/uploads\/sites\/3\/2016\/06\/Grund_bg.png\" data-bg_image_opacity=\"0.8\" data-layout=\"centered\" data-animation=\"slideLeft\" data-bg_color=\"\" data-bg_align=\"center center\" class=\"cs-layout-centered\" style=\"color:#003399;\">\r\n\r\n\t\t\t\t<!-- first slider box -->\r\n\t\t\t\t<div class=\"cs-content-centered col cs-content\">\r\n\t\t\t\t\t <h2 class=\"cs-title cs-element\" style=\"font-size:40px;font-weight:bold;font-style:normal;text-transform:uppercase;\">Attraktives Vereinsangebot...<\/h2>\r\n\r\n\t\t\t\t\t<p class=\"cs-element\" style=\"font-size:20px;font-weight:bold;font-style:normal;text-transform:none;\">durch viele verschiedene Themen, qualifizierte Kursleitende, schnelle Umsetzung nach Bedarf und Verf\u00fcgbarkeit der Sportst\u00e4tten. Das sichert die Zukunft, denn die Ausschreibungen der neuen Kurse, die hohe Teilnehmendenzahl sowie die motivierten und qualifizierten Kursleitenden zeichnen in der \u00d6ffentlichkeit ein positives Bild des Vereins, dem man auch zutraut die zuk\u00fcnftigen Aufgaben zu bew\u00e4ltigen.<\/p>\r\n\t\t\t\t\t\t\t<p class=\"clear\"><\/p>\r\n\t\t\t\t\t\r\n\t\t\t\t\t\t\t\t\t<\/div>\r\n\t\t\t\t<!-- second slider box -->\r\n\r\n\t\t\t\t\t\t\t<\/li>\r\n\t\t\t <li data-bg_image_url=\"https:\/\/www.bildungswerksport.de\/welt\/wp-content\/uploads\/sites\/3\/2016\/06\/Grund_bg.png\" data-bg_image_opacity=\"0.8\" data-layout=\"centered\" data-animation=\"slideLeft\" data-bg_color=\"\" data-bg_align=\"center center\" class=\"cs-layout-centered\" style=\"color:#003399;\">\r\n\r\n\t\t\t\t<!-- first slider box -->\r\n\t\t\t\t<div class=\"cs-content-centered col cs-content\">\r\n\t\t\t\t\t <h2 class=\"cs-title cs-element\" style=\"font-size:40px;font-weight:bold;font-style:normal;text-transform:uppercase;\">Sichern bzw. Ausbauen der Mitgliederzahl...<\/h2>\r\n\r\n\t\t\t\t\t<p class=\"cs-element\" style=\"font-size:20px;font-weight:bold;font-style:normal;text-transform:none;\">denn die Mitglieder werden dem Verein aufgrund der hervorragenden Angebote die Treue halten. Kursteilnehmende werden bei finanziellen Anreizen oder weil sie sich mit Ihrem Angebot identifizieren, dem Verein beitreten.<\/p>\r\n\t\t\t\t\t\t\t<p class=\"clear\"><\/p>\r\n\t\t\t\t\t\r\n\t\t\t\t\t\t\t\t\t<\/div>\r\n\t\t\t\t<!-- second slider box -->\r\n\r\n\t\t\t\t\t\t\t<\/li>\r\n\t\t\t <li data-bg_image_url=\"https:\/\/www.bildungswerksport.de\/welt\/wp-content\/uploads\/sites\/3\/2016\/06\/Grund_bg.png\" data-bg_image_opacity=\"0.8\" data-layout=\"centered\" data-animation=\"slideLeft\" data-bg_color=\"\" data-bg_align=\"center center\" class=\"cs-layout-centered\" style=\"color:#003399;\">\r\n\r\n\t\t\t\t<!-- first slider box -->\r\n\t\t\t\t<div class=\"cs-content-centered col cs-content\">\r\n\t\t\t\t\t <h2 class=\"cs-title cs-element\" style=\"font-size:40px;font-weight:bold;font-style:normal;text-transform:uppercase;\">Planungssicherheit...<\/h2>\r\n\r\n\t\t\t\t\t<p class=\"cs-element\" style=\"font-size:20px;font-weight:bold;font-style:normal;text-transform:none;\">denn Kurse sind aufgrund ihrer Dauer, ihres Bedarfes an Teilnehmenden, Ger\u00e4ten, Sportst\u00e4tten und Kursleitenden sehr genau zu kalkulieren und daher leicht zu planen.<\/p>\r\n\t\t\t\t\t\t\t<p class=\"clear\"><\/p>\r\n\t\t\t\t\t\r\n\t\t\t\t\t\t\t\t\t<\/div>\r\n\t\t\t\t<!-- second slider box -->\r\n\r\n\t\t\t\t\t\t\t<\/li>\r\n\t\t\t <li data-bg_image_url=\"https:\/\/www.bildungswerksport.de\/welt\/wp-content\/uploads\/sites\/3\/2016\/06\/Grund_bg.png\" data-bg_image_opacity=\"0.8\" data-layout=\"centered\" data-animation=\"slideLeft\" data-bg_color=\"\" data-bg_align=\"center center\" class=\"cs-layout-centered\" style=\"color:#003399;\">\r\n\r\n\t\t\t\t<!-- first slider box -->\r\n\t\t\t\t<div class=\"cs-content-centered col cs-content\">\r\n\t\t\t\t\t <h2 class=\"cs-title cs-element\" style=\"font-size:40px;font-weight:bold;font-style:normal;text-transform:uppercase;\">Finanzielles Plus...<\/h2>\r\n\r\n\t\t\t\t\t<p class=\"cs-element\" style=\"font-size:20px;font-weight:bold;font-style:normal;text-transform:none;\">durch die Geb\u00fchren der Teilnehmenden, eine kostenfreie Unfall- und Haftpflichtversicherung f\u00fcr alle Nichtvereinsmitglieder sowie die finanzielle F\u00f6rderung der Kurse und der Qualifizierung der Kursleitenden durch das Bildungswerk des Landessportbundes.<\/p>\r\n\t\t\t\t\t\t\t<p class=\"clear\"><\/p>\r\n\t\t\t\t\t\r\n\t\t\t\t\t\t\t\t\t<\/div>\r\n\t\t\t\t<!-- second slider box -->\r\n\r\n\t\t\t\t\t\t\t<\/li>\r\n\t\t\t <li data-bg_image_url=\"https:\/\/www.bildungswerksport.de\/welt\/wp-content\/uploads\/sites\/3\/2016\/06\/Grund_bg.png\" data-bg_image_opacity=\"0.8\" data-layout=\"centered\" data-animation=\"slideLeft\" data-bg_color=\"\" data-bg_align=\"center center\" class=\"cs-layout-centered\" style=\"color:#003399;\">\r\n\r\n\t\t\t\t<!-- first slider box -->\r\n\t\t\t\t<div class=\"cs-content-centered col cs-content\">\r\n\t\t\t\t\t <h2 class=\"cs-title cs-element\" style=\"font-size:40px;font-weight:bold;font-style:normal;text-transform:uppercase;\">Angebote f\u00fcr spezielle Zielgruppen und Aufgreifen aktueller Trends...<\/h2>\r\n\r\n\t\t\t\t\t<p class=\"cs-element\" style=\"font-size:20px;font-weight:bold;font-style:normal;text-transform:none;\">denn in Form von Kursen kann ein Verein schnell auf Trends reagieren oder W\u00fcnsche spezieller Zielgruppen erf\u00fcllen, ohne daf\u00fcr eine Abteilung mit hohem Verwaltungsaufwand gr\u00fcnden zu m\u00fcssen.<\/p>\r\n\t\t\t\t\t\t\t<p class=\"clear\"><\/p>\r\n\t\t\t\t\t\r\n\t\t\t\t\t\t\t\t\t<\/div>\r\n\t\t\t\t<!-- second slider box -->\r\n\r\n\t\t\t\t\t\t\t<\/li>\r\n\t\t\t <li data-bg_image_url=\"https:\/\/www.bildungswerksport.de\/welt\/wp-content\/uploads\/sites\/3\/2016\/06\/Grund_bg.png\" data-bg_image_opacity=\"0.8\" data-layout=\"centered\" data-animation=\"slideLeft\" data-bg_color=\"\" data-bg_align=\"center center\" class=\"cs-layout-centered\" style=\"color:#003399;\">\r\n\r\n\t\t\t\t<!-- first slider box -->\r\n\t\t\t\t<div class=\"cs-content-centered col cs-content\">\r\n\t\t\t\t\t <h2 class=\"cs-title cs-element\" style=\"font-size:40px;font-weight:bold;font-style:normal;text-transform:uppercase;\">Aktive \u00d6ffentlichkeitsarbeit...<\/h2>\r\n\r\n\t\t\t\t\t<p class=\"cs-element\" style=\"font-size:20px;font-weight:bold;font-style:normal;text-transform:none;\">durch die kostenfreie Bereitstellung der Plakate und Handzettel des Bildungswerkes mit den individuellen Daten Ihres Vereins.<\/p>\r\n\t\t\t\t\t\t\t<p class=\"clear\"><\/p>\r\n\t\t\t\t\t\r\n\t\t\t\t\t\t\t\t\t<\/div>\r\n\t\t\t\t<!-- second slider box -->\r\n\r\n\t\t\t\t\t\t\t<\/li>\r\n\t\t\t <li data-bg_image_url=\"https:\/\/www.bildungswerksport.de\/welt\/wp-content\/uploads\/sites\/3\/2016\/06\/Grund_bg.png\" data-bg_image_opacity=\"0.8\" data-layout=\"centered\" data-animation=\"slideLeft\" data-bg_color=\"\" data-bg_align=\"center center\" class=\"cs-layout-centered\" style=\"color:#003399;\">\r\n\r\n\t\t\t\t<!-- first slider box -->\r\n\t\t\t\t<div class=\"cs-content-centered col cs-content\">\r\n\t\t\t\t\t <h2 class=\"cs-title cs-element\" style=\"font-size:40px;font-weight:bold;font-style:normal;text-transform:uppercase;\">Die Partnerschaft mit dem Bildungswerk bietet mehr...<\/h2>\r\n\r\n\t\t\t\t\t<p class=\"cs-element\" style=\"font-size:20px;font-weight:bold;font-style:normal;text-transform:none;\">Direkter Goldstatus f\u00fcr die Kursorganisatoren und Kursleiter\/innen der Partnervereine. Profi-Leih-Ger\u00e4te f\u00fcr spezielle Kursangebote z.B. f\u00fcr die Themen Flexi-Bar, XCOS, Blackroll oder Brasils. Einladungen zur FIBO, Europas gr\u00f6\u00dfter Fitness-Messe. Einladungen zu unseren Erlebnisbuffets, die Kultveranstaltungen des Bildungswerk im Herbst!<\/p>\r\n\t\t\t\t\t\t\t<p class=\"clear\"><\/p>\r\n\t\t\t\t\t\r\n\t\t\t\t\t\t\t\t\t<\/div>\r\n\t\t\t\t<!-- second slider box -->\r\n\r\n\t\t\t\t\t\t\t<\/li>\t<\/ul>\r\n<\/div>\r\n<\/div>\r\n<\/div><div class=\"clear\"><\/div>\n<p>Aber auch f\u00fcr Vertreterinnen und Vertreter von Fachverb\u00e4nden gibt es handfeste Gr\u00fcnde Mitglied im Bildungswerk des LSB Rheinland-Pfalz zu sein. Wir haben die Vorteile f\u00fcr Sie unter f\u00fcnf Hauptpunkte gestellt: Erfahrungsaustausch, finanzielle Leistungen, Dienstleistungen, Interessenvertretung sowie gemeinsame Ziele.<\/p>\n<h4>Erfahrungsaustausch<\/h4>\n<ul>\n<li>Sie erhalten wertvolle und individuelle Kontakte zu hauptberuflichen Mitarbeitenden im Sport.<\/li>\n<li>Mit dem Know-how aus dem Gesundheits- und Pr\u00e4ventionssport verbessern Sie die Verletzungsprophylaxe Ihrer Athleten\/-innen.<\/li>\n<li>Die Mitgliedschaft erm\u00f6glicht die Kontaktpflege und den Austausch mit Kolleginnen und Kollegen anderer gro\u00dfer Sportorganisationen.<\/li>\n<li>Sie erhalten Einladungen zur Teilnahme an landesweiten Aktivit\u00e4ten sozialer und gesch\u00e4ftlicher Art.<\/li>\n<li>Sie erhalten zus\u00e4tzliche pers\u00f6nliche Kontakte zu Vereinsvertretern\/-innen auf regelm\u00e4\u00dfig durch das Bildungswerk Sport organisierten Informationsveranstaltungen.<\/li>\n<li>Sie erhalten Unterst\u00fctzung bei der Gewinnung Ehrenamtlicher.<\/li>\n<\/ul>\n<h4>Finanzielle Leistungen<\/h4>\n<ul>\n<li>Es gibt einen unkomplizierten\u00a0 Zuschuss zu den Organisationskosten f\u00fcr Aus-, Fort- und Weiterbildungsveranstaltungen.<\/li>\n<li>Sogar die finanzielle F\u00f6rderung f\u00fcr hauptberuflich p\u00e4dagogische Fachkr\u00e4fte ist m\u00f6glich.<\/li>\n<\/ul>\n<h4>Dienstleistungen<\/h4>\n<ul>\n<li>Sie erhalten regelm\u00e4\u00dfig Berichte aus der Weiterbildung, auch online.<\/li>\n<li>Sie k\u00f6nnen Seminare, Workshops und weitere Veranstaltungen zur Mitarbeiterentwicklung (z.B. EDV, Kommunikationstraining, Stressbew\u00e4ltigung) nutzen.<\/li>\n<li>Sie erhalten neue Informationen aus Pressemeldungen zum Thema Weiterbildung.<\/li>\n<li>Wir machen f\u00fcr Sieunser gro\u00dfes Online-Kooperationsverzeichnis mit detaillierter Suchfunktion nutzbar.<\/li>\n<\/ul>\n<h4>Interessenvertretung<\/h4>\n<ul>\n<li>Mit dem Bildungswerk Sport steht Ihnen ein weiteres Lobbyinstrument f\u00fcr den Sport gegen\u00fcber Politik, Bildungssektor und Weiterbildungsorganisationen anderer Verb\u00e4nde (auch au\u00dferhalb des Sportes) zur Verf\u00fcgung.<\/li>\n<li>Wir vertreten die Interessen des Sports\u00b7 im Landesbeirat f\u00fcr Weiterbildung; in der Statistikkommission gem\u00e4\u00df Weiterbildungsgesetz; im Sachausschuss P\u00e4dagogik\/Organisation gem\u00e4\u00df Weiterbildungsgesetz; im Sachausschuss Gleichstellung gem\u00e4\u00df Weiterbildungsgesetz; im Pr\u00e4sidium des LSB Rheinland-Pfalz; im Pr\u00e4sidium der Sportjugend Rheinland-Pfalz; in den Pr\u00e4sidien der Sportb\u00fcnde Pfalz, Rheinhessen und Rheinland; im Vorstand der Europ\u00e4ischen Akademie des rheinland-pf\u00e4lzischen Sports.<\/li>\n<\/ul>\n<h4>Gemeinsame Ziele<\/h4>\n<ul>\n<li>Mit dem Bildungswerk des LSB Rheinland-Pfalz haben Sie einen starken Partner an Ihrer Seite, um gemeinsam f\u00fcr Akzeptanz, St\u00e4rkung und Gleichberechtigung des Sports im Bereich der Weiterbildung und in der Gesellschaft an sich zu k\u00e4mpfen.<\/li>\n<li>Das erreichen wir durch eine \u00f6ffentlichkeitswirksame Interessenvertretung auf politischer und gesellschaftlicher Ebene. Sie partizipieren an den von uns gepflegten Kontakten zu gesellschaftlich und politisch relevanten Gruppierungen und Institutionen auf kommunaler Ebene und auf L\u00e4nderebene.<\/li>\n<\/ul>\n<p>St\u00e4rken wir gemeinsam die Lobby des Sports in der Gesellschaft und insbesondere im Bereich der pers\u00f6nlichen und beruflichen Weiterbildung!<\/p>\n<h2 class=\"page-heading\">Sie sind mit Ihrem Fachverband noch nicht Mitglied im Bildungswerk des LSB Rheinland-Pfalz e.V.?<\/h2>\n<div class=\"cta-element\"><h4 class=\"cta-small-title\">Telefon: 06131 2814370<\/h4><h2 class=\"cta-title\">Jetzt kostenfrei die Vorteile sichern!<\/h2><a class=\"button\" href=\"http:\/\/www.bildungswerksport.de\/welt\/bericht\/kontakt\/\">Nehmen Sie Kontakt auf...<\/a><\/div>\n<p>&nbsp;<\/p>\n","protected":false},"excerpt":{"rendered":"<p>&#8211; 7 &#8211; Mitglieder und Partnervereine Die Menschen in unseren Mitgliedsorganisationen und Partnervereinen sind wichtige Schl\u00fcsselpartner des Bildungswerks. Wir tun [&hellip;]<\/p>\n","protected":false},"author":1,"featured_media":0,"parent":184,"menu_order":0,"comment_status":"closed","ping_status":"closed","template":"template-full-custom.php","meta":{"footnotes":""},"class_list":["post-286","page","type-page","status-publish","hentry"],"_links":{"self":[{"href":"https:\/\/www.bildungswerksport.de\/welt\/bericht\/wp-json\/wp\/v2\/pages\/286","targetHints":{"allow":["GET"]}}],"collection":[{"href":"https:\/\/www.bildungswerksport.de\/welt\/bericht\/wp-json\/wp\/v2\/pages"}],"about":[{"href":"https:\/\/www.bildungswerksport.de\/welt\/bericht\/wp-json\/wp\/v2\/types\/page"}],"author":[{"embeddable":true,"href":"https:\/\/www.bildungswerksport.de\/welt\/bericht\/wp-json\/wp\/v2\/users\/1"}],"replies":[{"embeddable":true,"href":"https:\/\/www.bildungswerksport.de\/welt\/bericht\/wp-json\/wp\/v2\/comments?post=286"}],"version-history":[{"count":16,"href":"https:\/\/www.bildungswerksport.de\/welt\/bericht\/wp-json\/wp\/v2\/pages\/286\/revisions"}],"predecessor-version":[{"id":567,"href":"https:\/\/www.bildungswerksport.de\/welt\/bericht\/wp-json\/wp\/v2\/pages\/286\/revisions\/567"}],"up":[{"embeddable":true,"href":"https:\/\/www.bildungswerksport.de\/welt\/bericht\/wp-json\/wp\/v2\/pages\/184"}],"wp:attachment":[{"href":"https:\/\/www.bildungswerksport.de\/welt\/bericht\/wp-json\/wp\/v2\/media?parent=286"}],"curies":[{"name":"wp","href":"https:\/\/api.w.org\/{rel}","templated":true}]}}