{"id":369,"date":"2016-06-15T21:33:06","date_gmt":"2016-06-15T19:33:06","guid":{"rendered":"https:\/\/www.bildungswerksport.de\/welt\/bericht\/?page_id=369"},"modified":"2016-06-16T08:04:24","modified_gmt":"2016-06-16T06:04:24","slug":"3-caecilia-diller","status":"publish","type":"page","link":"https:\/\/www.bildungswerksport.de\/welt\/bericht\/d-testimonials\/3-caecilia-diller\/","title":{"rendered":"3 &#8211; C\u00e4cilia Diller"},"content":{"rendered":"<div><a class=\"lightbox-image\" title=\"\" data-rel=\"lightbox\"><img decoding=\"async\" class=\"img-frame \" src=\"https:\/\/www.bildungswerksport.de\/welt\/wp-content\/uploads\/sites\/3\/2016\/06\/Cilly_slider.jpg\" width=\"100%\" \/><\/a><\/div>\n<pre>\r\nBeratungszentrum Trier<\/pre>\n<h1>C\u00e4cilia Diller<\/h1>\n<p>Mehr als 20 Jahre als Sachbearbeiterin beim Bildungswerk Sport in Trier. Begonnen hat f\u00fcr C\u00e4cilia Diller alles nach einem kurzen Gespr\u00e4ch mit dem Einrichtungsleiter der Au\u00dfenstelle Trier beim Sportkreistag im Jahr 1994. Aus dem pharmazeutischen Bereich kommend und nach \u00fcber zehn Jahren \u201eMutter sein\u201c war es f\u00fcr sie ein Sprung ins kalte Wasser. Nicht wissend, was auf sie zukommen bzw. was man von ihr erwarten w\u00fcrde.<\/p>\n<p>Die Arbeit am Computer, bis dato eher Freizeitvergn\u00fcgen, Vereinskurse verwalten, Presseartikel schreiben \u2013 f\u00fcr C\u00e4cilia Diller absolutes Neuland. Hier war Eigeninitiative gefragt, und der Satz \u201eDu schaffst das schon\u201c war anfangs ihr st\u00e4ndiger Begleiter.<\/p>\n<p>Die N\u00e4he zum Sport begleitet C\u00e4cilia Diller jedoch schon ein Leben lang, und die ehrenamtliche T\u00e4tigkeit als Sportkreis Frauenwartin vereinfachte ihr den Kontakt zu den Vereinen ebenso wie die Arbeit als \u00dcbungsleiterin in diversen Sportgruppen.<\/p>\n<p>Dank der Unterst\u00fctzung lieber Kolleginnen und Kollegen wuchs sie schnell in ihren Aufgabenbereich hinein und war schnell ein Teil der \u201eBildungswerk Familie.\u201c<\/p>\n<p>In die Anfangszeit von C\u00e4cilia Diller fiel der Start der Rad-Camps des Bildungswerk Sport. In den Osterferien wurden die Camps an der Costa Brava sowohl f\u00fcr Freizeitfahrer und als Trainingscamp f\u00fcr die Triathleten durchgef\u00fchrt. C\u00e4cilia Diller war bereits damals stark in die Vorbereitungen der Reisen eingebunden und dann in Rosas auch als Reiseleitung bei den Exkursionen t\u00e4tig. Aus diesen Zeiten sind wunderbare, dauerhafte Freundschaften entstanden, die sie noch heute pflegt.<\/p>\n<p>Zu ihren t\u00e4glichen Aufgaben geh\u00f6ren allgemeine B\u00fcroarbeiten im Sekretariatsbereich, Kursma\u00dfnahmen mit unseren kooperierenden Vereinen organisieren und verwalten, Telefonkontakt aufnehmen zu Vereinen, um diese zur Zusammenarbeit mit dem Bildungswerk zu gewinnen \u2013 eben einfach als Ansprechpartnerin da zu sein.<\/p>\n<p>\u00dcbers Jahr betreut C\u00e4cilia Diller interessante und anregende Weiterbildungen vor Ort, welche die Bildungswerk-Experten getestet haben. Gemeinsam mit allen Kolleginnen und Kollegen gestaltet sie die legend\u00e4ren Erlebnisbuffets des Bildungswerkes Sport in den verschiedenen Regionen, ebenso unterst\u00fctzt sie die Organisation bei den verschiedenen Aktionstagen.<\/p>\n<h2 class=\"page-heading\"><\/h2>\n<h4>N\u00e4chster Beitrag:<\/h4>\n<div><img loading=\"lazy\" decoding=\"async\" class=\"img-frame aligncenter\" src=\"https:\/\/www.bildungswerksport.de\/welt\/wp-content\/uploads\/sites\/3\/2016\/06\/Marco_slider.jpg\" width=\"500\" height=\"351\" \/><\/div>\n<div class=\"cta-element\"><h4 class=\"cta-small-title\">Beratungszentrum Mainz\/Trier<\/h4><h2 class=\"cta-title\">Marco Fusaro<\/h2><a class=\"button\" href=\"https:\/\/www.bildungswerksport.de\/welt\/bericht\/d-testimonials\/4-marco-fusaro\/\">Hier klicken...<\/a><\/div>\n","protected":false},"excerpt":{"rendered":"<p>Beratungszentrum Trier C\u00e4cilia Diller Mehr als 20 Jahre als Sachbearbeiterin beim Bildungswerk Sport in Trier. Begonnen hat f\u00fcr C\u00e4cilia Diller [&hellip;]<\/p>\n","protected":false},"author":1,"featured_media":0,"parent":319,"menu_order":0,"comment_status":"closed","ping_status":"closed","template":"template-full-custom.php","meta":{"footnotes":""},"class_list":["post-369","page","type-page","status-publish","hentry"],"_links":{"self":[{"href":"https:\/\/www.bildungswerksport.de\/welt\/bericht\/wp-json\/wp\/v2\/pages\/369","targetHints":{"allow":["GET"]}}],"collection":[{"href":"https:\/\/www.bildungswerksport.de\/welt\/bericht\/wp-json\/wp\/v2\/pages"}],"about":[{"href":"https:\/\/www.bildungswerksport.de\/welt\/bericht\/wp-json\/wp\/v2\/types\/page"}],"author":[{"embeddable":true,"href":"https:\/\/www.bildungswerksport.de\/welt\/bericht\/wp-json\/wp\/v2\/users\/1"}],"replies":[{"embeddable":true,"href":"https:\/\/www.bildungswerksport.de\/welt\/bericht\/wp-json\/wp\/v2\/comments?post=369"}],"version-history":[{"count":8,"href":"https:\/\/www.bildungswerksport.de\/welt\/bericht\/wp-json\/wp\/v2\/pages\/369\/revisions"}],"predecessor-version":[{"id":479,"href":"https:\/\/www.bildungswerksport.de\/welt\/bericht\/wp-json\/wp\/v2\/pages\/369\/revisions\/479"}],"up":[{"embeddable":true,"href":"https:\/\/www.bildungswerksport.de\/welt\/bericht\/wp-json\/wp\/v2\/pages\/319"}],"wp:attachment":[{"href":"https:\/\/www.bildungswerksport.de\/welt\/bericht\/wp-json\/wp\/v2\/media?parent=369"}],"curies":[{"name":"wp","href":"https:\/\/api.w.org\/{rel}","templated":true}]}}