{"id":371,"date":"2016-06-15T21:35:50","date_gmt":"2016-06-15T19:35:50","guid":{"rendered":"https:\/\/www.bildungswerksport.de\/welt\/bericht\/?page_id=371"},"modified":"2016-06-16T07:55:13","modified_gmt":"2016-06-16T05:55:13","slug":"4-marco-fusaro","status":"publish","type":"page","link":"https:\/\/www.bildungswerksport.de\/welt\/bericht\/d-testimonials\/4-marco-fusaro\/","title":{"rendered":"4 &#8211; Marco Fusaro"},"content":{"rendered":"<pre>Beratungszentrum Mainz\/Trier<\/pre>\n<h1>Marco Fusaro<\/h1>\n<p>Seit Oktober 2010 ist Marco Fusaro Gesch\u00e4ftsf\u00fchrer des Bildungswerk des Landessportbundes Rheinland-Pfalz und seit April 2016 auch Vorsitzender des Landesbeirat f\u00fcr Weiterbildung. In Hamburg am 21. August 1966 geboren, studierte er von 1987 bis 1997 Mathematik und Betriebswirtschaftslehre an der Universit\u00e4t Trier. Bereits w\u00e4hrend der Studienzeit entwickelte er datenbankbasierte Informationssysteme f\u00fcr kleine und mittelst\u00e4ndische Unternehmen, au\u00dferdem verhalf er unz\u00e4hligen Sch\u00fclern, Auszubildenden und Studenten zu ansprechenden mathematischen Leistungen. Im Mai 1997 begann er als Leiter der Au\u00dfenstelle Trier beim Bildungswerk des Landessportbundes.<\/p>\n<p>Seine Begeisterung als aktiver Mittel- und Langstreckenl\u00e4ufer lie\u00dfen den geb\u00fcrtigen Hamburger\u00a0 schnell in Trier heimisch werden. Ein Kontakt zur sich gerade entwickelnden Triathlonszene entstand, mit Ehrgeiz schaffte er im ersten Anlauf im Jahr 1991 den Start beim Ironman auf Hawaii und kurz danach war er dann auch schon ehrenamtlicher Organisationsleiter diverser Triathlon- und Duathlonveranstaltungen bis hin zum Duathlon-Worldcup sowie Schatzmeister beim rheinland-pf\u00e4lzischen Triathlonverband. In dieser Zeit entdeckte er auch zum ersten Mal den Sport als m\u00f6glichen Arbeitgeber.<\/p>\n<p>Auf die Frage, woher seine Leidenschaft f\u00fcr Bildung r\u00fchrt, verweist Marco Fusaro auf sein Elternhaus: \u201eMir wurde schon immer vorgelebt, dass Bildung \u2013 zu jeder Zeit im Leben und an jedem Ort \u2013 wertvoll ist.\u201c\u00a0 Neben fachlichen F\u00e4higkeiten sind Ehrgeiz, Ausdauer und die Bereitschaft zum kontinuierlichen Lernen wichtig. Am ehesten kommt weiter, wer Spa\u00df an seiner Arbeit hat \u2013 dann kommt der Erfolg oft von ganz alleine. Denn Weiterbildung ist ja in den seltensten F\u00e4llen reiner Selbstzweck, Weiterbildung er\u00f6ffnet Chancen, gibt Sicherheit, macht Lust und bedeutet, in der richtigen Organisation genossen, sogar sehr viel Spa\u00df. Sei es als Kurs-, Seminar- oder Reiseteilnehmer.<\/p>\n<p>Marco Fusaro m\u00f6chte weiter daran arbeiten, die Beliebtheit des Bildungswerkes, das gute Image der Marke, durch eine attraktive Produktpalette zu sichern. Und diese hat er, gemeinsam mit Vorstand und allen Mitarbeitenden, in den vergangenen Jahren bereits um viele zus\u00e4tzliche Angebote erweitert. Nat\u00fcrlich ist ihm auch wichtig, dass das Bildungswerk extrem erfolgreich ist: Zum Beispiel wurden die Weiterbildungsergebnisse seit 2010 j\u00e4hrlich in Folge gesteigert. Sich auf den Lorbeeren fr\u00fcherer Erfolge auszuruhen ist nicht sein Ding, dazu ist die rheinland-pf\u00e4lzische Weiterbildungslandschaft auch viel zu dynamisch.<\/p>\n<h2 class=\"page-heading\"><\/h2>\n<h4>N\u00e4chster Beitrag:<\/h4>\n<div><a class=\"lightbox-image\" title=\"\" data-rel=\"lightbox\"><img decoding=\"async\" class=\"img-frame aligncenter\" src=\"https:\/\/www.bildungswerksport.de\/welt\/wp-content\/uploads\/sites\/3\/2016\/06\/Frank_slider.jpg\" width=\"500\" \/><\/a><\/div>\n<div class=\"cta-element\"><h4 class=\"cta-small-title\">Beratungszentrum Treis-Karden<\/h4><h2 class=\"cta-title\">Frank Hartmann<\/h2><a class=\"button\" href=\"https:\/\/www.bildungswerksport.de\/welt\/bericht\/d-testimonials\/5-frank-hartmann\/\">Hier klicken...<\/a><\/div>\n","protected":false},"excerpt":{"rendered":"<p>Beratungszentrum Mainz\/Trier Marco Fusaro Seit Oktober 2010 ist Marco Fusaro Gesch\u00e4ftsf\u00fchrer des Bildungswerk des Landessportbundes Rheinland-Pfalz und seit April 2016 [&hellip;]<\/p>\n","protected":false},"author":1,"featured_media":0,"parent":319,"menu_order":0,"comment_status":"closed","ping_status":"closed","template":"template-full-custom.php","meta":{"footnotes":""},"class_list":["post-371","page","type-page","status-publish","hentry"],"_links":{"self":[{"href":"https:\/\/www.bildungswerksport.de\/welt\/bericht\/wp-json\/wp\/v2\/pages\/371","targetHints":{"allow":["GET"]}}],"collection":[{"href":"https:\/\/www.bildungswerksport.de\/welt\/bericht\/wp-json\/wp\/v2\/pages"}],"about":[{"href":"https:\/\/www.bildungswerksport.de\/welt\/bericht\/wp-json\/wp\/v2\/types\/page"}],"author":[{"embeddable":true,"href":"https:\/\/www.bildungswerksport.de\/welt\/bericht\/wp-json\/wp\/v2\/users\/1"}],"replies":[{"embeddable":true,"href":"https:\/\/www.bildungswerksport.de\/welt\/bericht\/wp-json\/wp\/v2\/comments?post=371"}],"version-history":[{"count":8,"href":"https:\/\/www.bildungswerksport.de\/welt\/bericht\/wp-json\/wp\/v2\/pages\/371\/revisions"}],"predecessor-version":[{"id":476,"href":"https:\/\/www.bildungswerksport.de\/welt\/bericht\/wp-json\/wp\/v2\/pages\/371\/revisions\/476"}],"up":[{"embeddable":true,"href":"https:\/\/www.bildungswerksport.de\/welt\/bericht\/wp-json\/wp\/v2\/pages\/319"}],"wp:attachment":[{"href":"https:\/\/www.bildungswerksport.de\/welt\/bericht\/wp-json\/wp\/v2\/media?parent=371"}],"curies":[{"name":"wp","href":"https:\/\/api.w.org\/{rel}","templated":true}]}}