{"id":373,"date":"2016-06-15T21:37:38","date_gmt":"2016-06-15T19:37:38","guid":{"rendered":"https:\/\/www.bildungswerksport.de\/welt\/bericht\/?page_id=373"},"modified":"2016-06-16T01:12:31","modified_gmt":"2016-06-15T23:12:31","slug":"5-frank-hartmann","status":"publish","type":"page","link":"https:\/\/www.bildungswerksport.de\/welt\/bericht\/d-testimonials\/5-frank-hartmann\/","title":{"rendered":"5 &#8211; Frank Hartmann"},"content":{"rendered":"<pre>Beratungszentrum Treis-Karden<\/pre>\n<h1>Frank Hartmann<\/h1>\n<p>Frank Hartmann wurde am 27. September 1960 in Koblenz geboren und wohnt in Binningen. Bereits seit September 1995 ist er Angestellter beim Bildungswerk des Landessportbundes.<\/p>\n<p>Nach seinem Schulabschluss machte er zuerst eine dreij\u00e4hrige Lehre bei der Deutschen Bahn und wurde nach Abschluss zum Beamten auf Widerruf ernannt. Aus sportlichen Gr\u00fcnden verlie\u00df er dann aber 1978 die Deutsche Bahn. Es zog ihn nach K\u00f6ln, wo er dann noch eine Ausbildung zum B\u00fcrokaufmann absolvierte. Anschlie\u00dfend unterschrieb er beim 1. FC K\u00f6n seinen ersten Vertrag als Fu\u00dfballprofi.<\/p>\n<p>Nach seiner fast 14-j\u00e4hrigen T\u00e4tigkeit als Fu\u00dfballprofi absolvierte er 1994 ein Studium als Sportlehrer an der Europ\u00e4ischen Sportakademie in Trier und machte anschlie\u00dfend noch die Fu\u00dfball-Lehrer-Lizenz an der DFB Trainerakademie in K\u00f6ln.<\/p>\n<p>Am 1. September 1995 \u00fcbernahm er das &#8211; damals noch Au\u00dfenstelle genannte &#8211; Beratungszentrum des Bildungswerk Sport in Daun. Heute ist das Beratungszentrum strategisch g\u00fcnstiger in Treis-Karden beheimatet.<\/p>\n<p>Im Januar 2000 startete er im Sport- und Bildungsreisenbereich des Bildungswerk Sport. Bei der Auftaktveranstaltung \u2014 einer Skifreizeit in \u00d6sterreich mit eigenen Skikursen \u2014 nahmen 50 Erwachsene teil. Diese Skifreizeit besteht auch heute noch und wird im Januar 2015 zum sechzehnten Mal durchgef\u00fchrt.<\/p>\n<p>Seit 2001 organisiert und leitet Frank Hartmann Exkursionen im In- und Ausland. Das Besondere an diesen Exkursionen: Sie werden \u00fcberwiegend \u201eper pedes\u201c durchgef\u00fchrt.<\/p>\n<p>Die ersten Reisen gingen nach Mallorca und fanden gro\u00dfen Anklang. Nun stehen mit Madeira, Sardinien, Cornwall, S\u00fcdtirol, Toskana und S\u00fcdfrankreich viele tolle europ\u00e4ische Ziele im Programm.<\/p>\n<p>Dann wurde es ihm in Europa zu klein &#8211; im November 2011 startete er die erste ErlebnisBildung-Reise nach S\u00fcdafrika und 45 Teilnehmer waren total begeistert von den unvergesslichen Eindr\u00fccken im Kr\u00fcger Nationalpark, Swasiland, Johannesburg und der Kap Region. Drei Jahre sp\u00e4ter ist Frank Hartmann bereits mit zwei Gruppen j\u00e4hrlich in Namibia und S\u00fcdafrika auf Entdeckung.<\/p>\n<p>Wer ihm begegnet, merkt es ihm sofort an: Es macht Frank Hartmann sehr viel Freude, die Exkursionen auszuarbeiten und Gruppen zu leiten. Das Bildungswerk Sport steht dahinter mit seinem guten Namen.<\/p>\n<p>Insgesamt entdecken j\u00e4hrlich rund 420 Teilnehmer \u201eper pedes\u201c die Welt mit Frank Hartmann und dem Bildungswerk Sport. Und auch die Zukunft dieser ErlebnisBildung-Reisen ist gesichert. Denn das Bildungswerk des Landessportbundes geh\u00f6rt in diesem Segment mittlerweile zu den gefragtesten Anbietern von Bildungsreisen.<\/p>\n<h2 class=\"page-heading\"><\/h2>\n<h4>N\u00e4chster Beitrag:<\/h4>\n<div><a class=\"lightbox-image\" title=\"\" data-rel=\"lightbox\"><img decoding=\"async\" class=\"img-frame aligncenter\" src=\"https:\/\/www.bildungswerksport.de\/welt\/wp-content\/uploads\/sites\/3\/2016\/06\/Thomas_slider.jpg\" width=\"500\" \/><\/a><\/div>\n<div class=\"cta-element\"><h4 class=\"cta-small-title\">Beratungszentrum Montabaur<\/h4><h2 class=\"cta-title\">Thomas Hoffmann<\/h2><a class=\"button\" href=\"https:\/\/www.bildungswerksport.de\/welt\/bericht\/d-testimonials\/6-thomas-hoffmann\/\">Hier klicken...<\/a><\/div>\n","protected":false},"excerpt":{"rendered":"<p>Beratungszentrum Treis-Karden Frank Hartmann Frank Hartmann wurde am 27. September 1960 in Koblenz geboren und wohnt in Binningen. Bereits seit [&hellip;]<\/p>\n","protected":false},"author":1,"featured_media":0,"parent":319,"menu_order":0,"comment_status":"closed","ping_status":"closed","template":"template-full-custom.php","meta":{"footnotes":""},"class_list":["post-373","page","type-page","status-publish","hentry"],"_links":{"self":[{"href":"https:\/\/www.bildungswerksport.de\/welt\/bericht\/wp-json\/wp\/v2\/pages\/373","targetHints":{"allow":["GET"]}}],"collection":[{"href":"https:\/\/www.bildungswerksport.de\/welt\/bericht\/wp-json\/wp\/v2\/pages"}],"about":[{"href":"https:\/\/www.bildungswerksport.de\/welt\/bericht\/wp-json\/wp\/v2\/types\/page"}],"author":[{"embeddable":true,"href":"https:\/\/www.bildungswerksport.de\/welt\/bericht\/wp-json\/wp\/v2\/users\/1"}],"replies":[{"embeddable":true,"href":"https:\/\/www.bildungswerksport.de\/welt\/bericht\/wp-json\/wp\/v2\/comments?post=373"}],"version-history":[{"count":7,"href":"https:\/\/www.bildungswerksport.de\/welt\/bericht\/wp-json\/wp\/v2\/pages\/373\/revisions"}],"predecessor-version":[{"id":466,"href":"https:\/\/www.bildungswerksport.de\/welt\/bericht\/wp-json\/wp\/v2\/pages\/373\/revisions\/466"}],"up":[{"embeddable":true,"href":"https:\/\/www.bildungswerksport.de\/welt\/bericht\/wp-json\/wp\/v2\/pages\/319"}],"wp:attachment":[{"href":"https:\/\/www.bildungswerksport.de\/welt\/bericht\/wp-json\/wp\/v2\/media?parent=373"}],"curies":[{"name":"wp","href":"https:\/\/api.w.org\/{rel}","templated":true}]}}

<pre>Beratungszentrum Treis-Karden</pre>
<h1>Frank Hartmann</h1>
<p>Frank Hartmann wurde am 27. September 1960 in Koblenz geboren und wohnt in Binningen. Bereits seit September 1995 ist er Angestellter beim Bildungswerk des Landessportbundes.</p>
<p>Nach seinem Schulabschluss machte er zuerst eine dreijährige Lehre bei der Deutschen Bahn und wurde nach Abschluss zum Beamten auf Widerruf ernannt. Aus sportlichen Gründen verließ er dann aber 1978 die Deutsche Bahn. Es zog ihn nach Köln, wo er dann noch eine Ausbildung zum Bürokaufmann absolvierte. Anschließend unterschrieb er beim 1. FC Kön seinen ersten Vertrag als Fußballprofi.</p>
<p>Nach seiner fast 14-jährigen Tätigkeit als Fußballprofi absolvierte er 1994 ein Studium als Sportlehrer an der Europäischen Sportakademie in Trier und machte anschließend noch die Fußball-Lehrer-Lizenz an der DFB Trainerakademie in Köln.</p>
<p>Am 1. September 1995 übernahm er das &#8211; damals noch Außenstelle genannte &#8211; Beratungszentrum des Bildungswerk Sport in Daun. Heute ist das Beratungszentrum strategisch günstiger in Treis-Karden beheimatet.</p>
<p>Im Januar 2000 startete er im Sport- und Bildungsreisenbereich des Bildungswerk Sport. Bei der Auftaktveranstaltung — einer Skifreizeit in Österreich mit eigenen Skikursen — nahmen 50 Erwachsene teil. Diese Skifreizeit besteht auch heute noch und wird im Januar 2015 zum sechzehnten Mal durchgeführt.</p>
<p>Seit 2001 organisiert und leitet Frank Hartmann Exkursionen im In- und Ausland. Das Besondere an diesen Exkursionen: Sie werden überwiegend „per pedes“ durchgeführt.</p>
<p>Die ersten Reisen gingen nach Mallorca und fanden großen Anklang. Nun stehen mit Madeira, Sardinien, Cornwall, Südtirol, Toskana und Südfrankreich viele tolle europäische Ziele im Programm.</p>
<p>Dann wurde es ihm in Europa zu klein &#8211; im November 2011 startete er die erste ErlebnisBildung-Reise nach Südafrika und 45 Teilnehmer waren total begeistert von den unvergesslichen Eindrücken im Krüger Nationalpark, Swasiland, Johannesburg und der Kap Region. Drei Jahre später ist Frank Hartmann bereits mit zwei Gruppen jährlich in Namibia und Südafrika auf Entdeckung.</p>
<p>Wer ihm begegnet, merkt es ihm sofort an: Es macht Frank Hartmann sehr viel Freude, die Exkursionen auszuarbeiten und Gruppen zu leiten. Das Bildungswerk Sport steht dahinter mit seinem guten Namen.</p>
<p>Insgesamt entdecken jährlich rund 420 Teilnehmer „per pedes“ die Welt mit Frank Hartmann und dem Bildungswerk Sport. Und auch die Zukunft dieser ErlebnisBildung-Reisen ist gesichert. Denn das Bildungswerk des Landessportbundes gehört in diesem Segment mittlerweile zu den gefragtesten Anbietern von Bildungsreisen.</p>
<h2 class="page-heading"></h2>
<h4>Nächster Beitrag:</h4>
<div><a class="lightbox-image" title="" data-rel="lightbox"><img decoding="async" class="img-frame aligncenter" src="https://www.bildungswerksport.de/welt/wp-content/uploads/sites/3/2016/06/Thomas_slider.jpg" width="500" /></a></div>
<div class="cta-element"><h4 class="cta-small-title">Beratungszentrum Montabaur</h4><h2 class="cta-title">Thomas Hoffmann</h2><a class="button" href="https://www.bildungswerksport.de/welt/bericht/d-testimonials/6-thomas-hoffmann/">Hier klicken...</a></div>
