{"id":1020,"date":"2024-04-16T08:27:14","date_gmt":"2024-04-16T06:27:14","guid":{"rendered":"https:\/\/www.bildungswerksport.de\/welt\/partnerschaft\/?page_id=1020"},"modified":"2024-04-16T09:21:00","modified_gmt":"2024-04-16T07:21:00","slug":"variante-freie-texteingabe","status":"publish","type":"page","link":"https:\/\/www.bildungswerksport.de\/welt\/partnerschaft\/variante-freie-texteingabe\/","title":{"rendered":"Variante Freie Texteingabe"},"content":{"rendered":"\n<h3 class=\"wp-block-heading\">Wie schreibe ich es?<\/h3>\n\n\n\n<p>Kurskonzepte und Kursver\u00f6ffentlichungen zu formulieren f\u00e4llt vielen Kursleiter*innen und Kursorganisator*innen schwer. Wir bieten dir hier unsere schnelle Unterst\u00fctzung an. Lasse dir ein Kurskonzept und die dazu passende Ver\u00f6ffentlichung schreiben. Gerne kannst du den generierten Text im Anschluss auch mit unseren Expertinnen und Experten besprechen.&nbsp;Und nicht vergessen, melde uns deine Kurse.&nbsp;Denn wir f\u00f6rdern deine wertvollen Bildungsinitiativen noch zus\u00e4tzlich. Die F\u00f6rderung bietet zahlreiche Vorteile, die eure Bildungsarbeit nachhaltig unterst\u00fctzen \u2013 nicht nur finanziell.<\/p>\n\n\n\n<p>Bevor du startest, kannst du dich hier \u00fcber unsere&nbsp;<a rel=\"noreferrer noopener\" href=\"https:\/\/www.bildungswerksport.de\/welt\/datenschutz\" target=\"_blank\" class=\"\">Datenschutzerkl\u00e4rung&nbsp;<\/a>informieren.<\/p>\n\n\n\n<p><strong>Damit du gute Ergebnisse bekommst, haben wir einige Beispiele f\u00fcr gute Anfragen aufgelistet.<\/strong><\/p>\n\n\n\n<div class=\"su-accordion su-u-trim\"><div class=\"su-spoiler su-spoiler-style-fancy su-spoiler-icon-plus su-spoiler-closed\" data-scroll-offset=\"0\" data-anchor-in-url=\"no\"><div class=\"su-spoiler-title\" tabindex=\"0\" role=\"button\"><span class=\"su-spoiler-icon\"><\/span>Kurs- und Workshopkonzepte erstellen<\/div><div class=\"su-spoiler-content su-u-clearfix su-u-trim\"><ul>\n<li>Erstelle ein Konzept f\u00fcr einen 8-w\u00f6chigen Kurs zum Thema &#8220;Yoga f\u00fcr das mentale Wohlbefinden&#8221;.<\/li>\n<li>Erstelle ein Konzept f\u00fcr einen zweit\u00e4gigen Workshop &#8220;Effektives Selbstmanagement f\u00fcr Sportler&#8221;.<\/li>\n<li>Erstelle mir ein Kurskonzept f\u00fcr einen 12-w\u00f6chigen Kurs zum Thema &#8220;Grundlagen der Sportern\u00e4hrung&#8221;.<\/li>\n<li>Erstelle ein Konzept f\u00fcr einen Wochenend-Workshop &#8220;Steigerung der sportlichen Leistung durch mentales Training&#8221;.<\/li>\n<li>Erstelle ein Konzept f\u00fcr einen 4-w\u00f6chigen Kurs &#8220;Einf\u00fchrung in die Meditation f\u00fcr Sportler&#8221;.<\/li>\n<li>Erstelle ein Konzept f\u00fcr einen interaktiven Workshop &#8220;Demokratie im Sportverein: Die Rolle der Mitglieder&#8221;.<\/li>\n<li>Erstelle ein Konzept f\u00fcr einen vierteiligen Online-Workshop &#8220;Demokratie leben: Aktive B\u00fcrgerbeteiligung&#8221;.<\/li>\n<li>Entwickle ein Konzept f\u00fcr einen 8-w\u00f6chigen Online-Kurs zum Thema &#8220;Gemeinschaftsbildung durch k\u00fcnstlerische Aktivit\u00e4ten&#8221; f\u00fcr Menschen, die sich einsam f\u00fchlen, mit Details zu Workshop-Inhalten und Teilnehmeraktivit\u00e4ten.<\/li>\n<\/ul><\/div><\/div><div class=\"su-spoiler su-spoiler-style-fancy su-spoiler-icon-plus su-spoiler-closed\" data-scroll-offset=\"0\" data-anchor-in-url=\"no\"><div class=\"su-spoiler-title\" tabindex=\"0\" role=\"button\"><span class=\"su-spoiler-icon\"><\/span>Themenvorschl\u00e4ge und Kurstitel<\/div><div class=\"su-spoiler-content su-u-clearfix su-u-trim\"><ul>\n<li>Welche Kursideen hast du f\u00fcr meinen Sportverein mit den Sportarten \u2018Fu\u00dfball, Leichtathletik, Eltern-Kind-Turnen, Gymnastik\u2019?<\/li>\n<li>Erstelle mir f\u00fcnf spannende Kurstitel zum Thema \u2018Programmieren mit Javascript\u2019 f\u00fcr die Zielgruppe \u2018Erwachsene ohne Programmierkenntnisse\u2019.<\/li>\n<li>Erstelle mir f\u00fcnf motivierende Workshopttitel zum Thema &#8220;Demokratiebildung im l\u00e4ndlichen Raum&#8221;.<\/li>\n<li>Erstelle mir ein Fortbildungsprogramm zur Vorbereitung der Begegnung unseres Sportvereins mit unserem franz\u00f6sischen Partnerverein.<\/li>\n<li>Was k\u00f6nnten attraktive Kurstitel zum Thema \u2018Verbesserung der Teamdynamik im Amateursport\u2019 sein?<\/li>\n<li>Entwickle Vorschl\u00e4ge f\u00fcr Kurse, die sich mit &#8216;B\u00fcrgerbeteiligung im lokalen Sportentwicklungskonzept&#8217; befassen.<\/li>\n<li>Entwickle Vorschl\u00e4ge f\u00fcr Kurse zum Thema \u2018Digitale Demokratie: Chancen und Herausforderungen\u2019.<\/li>\n<li>Liste f\u00fcnf kreative Workshop-Titel auf, die sich auf gemeinschaftliche Aktivit\u00e4ten f\u00fcr Menschen, die sich einsam f\u00fchlen, konzentrieren, wie z.B. gemeinsames Kochen oder Sport treiben.<\/li>\n<\/ul><\/div><\/div><div class=\"su-spoiler su-spoiler-style-fancy su-spoiler-icon-plus su-spoiler-closed\" data-scroll-offset=\"0\" data-anchor-in-url=\"no\"><div class=\"su-spoiler-title\" tabindex=\"0\" role=\"button\"><span class=\"su-spoiler-icon\"><\/span>Teilnahmegr\u00fcnde und Zielgruppenbeschreibung<\/div><div class=\"su-spoiler-content su-u-clearfix su-u-trim\"><ul>\n<li>Wer k\u00f6nnte sich f\u00fcr einen Tages-Workshop zu Resilienz interessieren?<\/li>\n<li>Beschreibe die Zielgruppe f\u00fcr einen Kurs zum Thema \u2018Eltern-Kind-Turnen\u2019.<\/li>\n<li>Wer k\u00f6nnte sich f\u00fcr einen Kurs \u2018Effizientes Zeitmanagement f\u00fcr ehrenamtliche Vereinsvorst\u00e4nde\u2019 interessieren?<\/li>\n<li>Nenne Gr\u00fcnde, weshalb jemand am Seminar \u2018F\u00fchrungskompetenzen im Sport\u2019 teilnehmen sollte.<\/li>\n<li>Beschreibe die Zielgruppe f\u00fcr einen Online-Kurs \u2018Digitales Marketing f\u00fcr Sportvereine\u2019.<\/li>\n<li>Nenne Gr\u00fcnde, weshalb jemand am Workshop \u2018St\u00e4rkung der demokratischen Teilhabe in Sportorganisationen\u2019 teilnehmen sollte.<\/li>\n<li>Beschreibe die Zielgruppe f\u00fcr einen Workshop zum Thema \u2018Verst\u00e4ndnis und Engagement f\u00fcr Menschenrechte\u2019.<\/li>\n<li>Beschreibe die Zielgruppe f\u00fcr einen interaktiven Workshop &#8220;Verbindungen st\u00e4rken&#8221;, der sich an Menschen richtet, die sich sozial isoliert f\u00fchlen, inklusive demografischer Merkmale und sozialer Bed\u00fcrfnisse.<\/li>\n<\/ul><\/div><\/div><div class=\"su-spoiler su-spoiler-style-fancy su-spoiler-icon-plus su-spoiler-closed\" data-scroll-offset=\"0\" data-anchor-in-url=\"no\"><div class=\"su-spoiler-title\" tabindex=\"0\" role=\"button\"><span class=\"su-spoiler-icon\"><\/span>Lernziele in der Erwachsenenbildung<\/div><div class=\"su-spoiler-content su-u-clearfix su-u-trim\"><ul>\n<li>Nenne f\u00fcnf Lernziele f\u00fcr einen Kurs zum Thema \u2018Verbesserung der Ausdauer durch gezieltes Training\u2019.<\/li>\n<li>Was sind die Lernziele eines Workshops \u2018Konfliktmanagement in Teamsportarten\u2019?<\/li>\n<li>Formuliere f\u00fcnf Lernziele f\u00fcr eine Fortbildung zum Thema \u2018Nachhaltigkeit im Sportverein\u2019.<\/li>\n<li>Definiere Lernziele f\u00fcr einen Kurs \u2018Grundlagen des Coachings im Jugendfu\u00dfball\u2019.<\/li>\n<li>Nenne Lernziele f\u00fcr einen Workshop \u2018Einf\u00fchrung in die Nutzung sozialer Medien f\u00fcr Sportvereine\u2019.<\/li>\n<li>Formuliere f\u00fcnf Lernziele f\u00fcr eine Fortbildung zum Thema \u2018Einf\u00fchrung von Mitgliederentscheiden in Sportvereinen\u2019.<\/li>\n<li>Formuliere f\u00fcnf Lernziele f\u00fcr eine Seminarreihe \u2018Kritische Medienkompetenz als demokratische Grundfertigkeit\u2019.<\/li>\n<li>Definiere f\u00fcnf Lernziele f\u00fcr einen Workshop, der sich mit der Verbesserung der sozialen F\u00e4higkeiten zur \u00dcberwindung von Einsamkeit befasst, speziell f\u00fcr Erwachsene, die Schwierigkeiten im sozialen Umgang haben.<\/li>\n<\/ul><\/div><\/div><div class=\"su-spoiler su-spoiler-style-fancy su-spoiler-icon-plus su-spoiler-closed\" data-scroll-offset=\"0\" data-anchor-in-url=\"no\"><div class=\"su-spoiler-title\" tabindex=\"0\" role=\"button\"><span class=\"su-spoiler-icon\"><\/span>Kursausschreibung mit detaillierter Beschreibung<\/div><div class=\"su-spoiler-content su-u-clearfix su-u-trim\"><ul>\n<li>Erstelle eine Kursausschreibung f\u00fcr das Thema \u2018Effektives Zeitmanagement f\u00fcr Sportler\u2019. Nenne alternative Titel, beschreibe die Zielgruppe, den Inhalt und formuliere Lernziele sowie Gr\u00fcnde f\u00fcr eine Teilnahme.<\/li>\n<li>Entwickle eine Ausschreibung f\u00fcr einen Workshop \u2018Inklusion im Sport\u2019. Nenne alternative Titel, beschreibe die Zielgruppe, erkl\u00e4re, was Inklusion im Sport bedeutet, formuliere Lernziele und nenne Gr\u00fcnde f\u00fcr eine Teilnahme.<\/li>\n<li>Gestalte eine Ausschreibung f\u00fcr einen Kurs \u2018Pr\u00e4vention von Sportverletzungen\u2019. Gib alternative Titel an, beschreibe die Zielgruppe, erkl\u00e4re den Kursinhalt, formuliere Lernziele und nenne Gr\u00fcnde f\u00fcr die Teilnahme.<\/li>\n<li>Konzipiere eine Kursausschreibung zum Thema \u2018Ern\u00e4hrungsstrategien f\u00fcr Ausdauersportler\u2019. Nenne alternative Titel, beschreibe die Zielgruppe, definiere den Inhalt, formuliere Lernziele und Gr\u00fcnde f\u00fcr eine Teilnahme.<\/li>\n<li>Erstelle eine Ausschreibung f\u00fcr ein Seminar \u2018Leadership im Sport\u2019. Biete alternative Titel, beschreibe die Zielgruppe, erkl\u00e4re was Leadership im Sport umfasst, formuliere Lernziele und nenne Gr\u00fcnde f\u00fcr eine Teilnahme.<\/li>\n<li>Entwickle eine Ausschreibung f\u00fcr einen Workshop \u2018Abstimmung und Entscheidungsfindung in der Vereinsarbeit: Praktische Anwendung direkter Demokratie\u2019.<\/li>\n<li>Erstelle eine Ausschreibung f\u00fcr ein Seminar \u2018Demokratie in Aktion: Von der Theorie zur Praxis in der kommunalen Politik\u2019.<\/li>\n<li>Erstelle eine detaillierte Kursausschreibung f\u00fcr &#8220;Online-Netzwerkbildung zur Bek\u00e4mpfung von Einsamkeit&#8221;, die Kursinhalte, Teilnahmevorteile, Zielgruppenbeschreibung und Methodik umfasst.<\/li>\n<\/ul><\/div><\/div><\/div>\n\n\n\n<p><\/p>\n\n\n<div class='mwai-chatbot-container' data-params='{&quot;aiName&quot;:&quot;Kursgenerator:&quot;,&quot;userName&quot;:&quot;Du:&quot;,&quot;guestName&quot;:&quot;Du&quot;,&quot;textSend&quot;:&quot;Absenden&quot;,&quot;textClear&quot;:&quot;L\\u00f6schen&quot;,&quot;imageUpload&quot;:true,&quot;fileUpload&quot;:true,&quot;multiUpload&quot;:false,&quot;maxUploads&quot;:1,&quot;fileUploads&quot;:1,&quot;mode&quot;:&quot;chat&quot;,&quot;textInputPlaceholder&quot;:&quot;Schreibe deine Nachricht an mich...&quot;,&quot;textInputMaxLength&quot;:30000,&quot;textCompliance&quot;:&quot;&quot;,&quot;startSentence&quot;:&quot;Bei welcher Aufgabe kann ich dir helfen?&quot;,&quot;localMemory&quot;:true,&quot;themeId&quot;:&quot;chatgpt&quot;,&quot;window&quot;:false,&quot;icon&quot;:&quot;&quot;,&quot;iconText&quot;:&quot;&quot;,&quot;iconTextDelay&quot;:1,&quot;iconAlt&quot;:&quot;AI Chatbot Avatar&quot;,&quot;iconPosition&quot;:&quot;bottom-right&quot;,&quot;centerOpen&quot;:false,&quot;width&quot;:&quot;&quot;,&quot;openDelay&quot;:&quot;&quot;,&quot;iconBubble&quot;:false,&quot;windowAnimation&quot;:&quot;zoom&quot;,&quot;fullscreen&quot;:false,&quot;copyButton&quot;:true,&quot;headerSubtitle&quot;:&quot;Discuss with&quot;,&quot;containerType&quot;:&quot;standard&quot;,&quot;headerType&quot;:&quot;standard&quot;,&quot;messagesType&quot;:&quot;standard&quot;,&quot;inputType&quot;:&quot;standard&quot;,&quot;footerType&quot;:&quot;standard&quot;}' data-system='{&quot;botId&quot;:&quot;chatbot-xvq1e3&quot;,&quot;customId&quot;:null,&quot;userData&quot;:null,&quot;sessionId&quot;:&quot;69e7a49aec37e&quot;,&quot;restNonce&quot;:null,&quot;contextId&quot;:1020,&quot;pluginUrl&quot;:&quot;https:\\\/\\\/www.bildungswerksport.de\\\/welt\\\/wp-content\\\/plugins\\\/ai-engine-pro\\\/&quot;,&quot;restUrl&quot;:&quot;https:\\\/\\\/www.bildungswerksport.de\\\/welt\\\/partnerschaft\\\/wp-json&quot;,&quot;stream&quot;:true,&quot;debugMode&quot;:true,&quot;eventLogs&quot;:false,&quot;speech_recognition&quot;:true,&quot;speech_synthesis&quot;:false,&quot;typewriter&quot;:false,&quot;crossSite&quot;:false,&quot;actions&quot;:[],&quot;blocks&quot;:[],&quot;shortcuts&quot;:[]}' data-theme='{&quot;type&quot;:&quot;internal&quot;,&quot;name&quot;:&quot;ChatGPT&quot;,&quot;themeId&quot;:&quot;chatgpt&quot;,&quot;settings&quot;:{&quot;fontColor&quot;:&quot;#ffffff&quot;,&quot;backgroundPrimaryColor&quot;:&quot;#0079ad&quot;,&quot;backgroundSecondaryColor&quot;:&quot;#004494&quot;,&quot;fontSize&quot;:&quot;18px&quot;,&quot;backgroundHeaderColor&quot;:&quot;#ffffff&quot;,&quot;headerButtonsColor&quot;:&quot;#000000&quot;},&quot;style&quot;:&quot;&quot;,&quot;cssUrl&quot;:&quot;https:\\\/\\\/www.bildungswerksport.de\\\/welt\\\/wp-content\\\/plugins\\\/ai-engine-pro\\\/themes\\\/chatgpt.css&quot;}'><\/div>\n","protected":false},"excerpt":{"rendered":"<p>Wie schreibe ich es? Kurskonzepte und Kursver\u00f6ffentlichungen zu formulieren f\u00e4llt vielen Kursleiter*innen und Kursorganisator*innen schwer. Wir bieten dir hier unsere schnelle Unterst\u00fctzung an. Lasse dir ein Kurskonzept und die dazu passende Ver\u00f6ffentlichung schreiben. Gerne kannst du den generierten Text im Anschluss auch mit unseren Expertinnen und Experten besprechen.&nbsp;Und nicht vergessen, melde uns deine Kurse.&nbsp;Denn wir&hellip; <br \/> <a class=\"button small blue\" href=\"https:\/\/www.bildungswerksport.de\/welt\/partnerschaft\/variante-freie-texteingabe\/\">Weiterlesen<\/a><\/p>\n","protected":false},"author":1,"featured_media":0,"parent":0,"menu_order":0,"comment_status":"closed","ping_status":"closed","template":"","meta":{"footnotes":""},"class_list":["post-1020","page","type-page","status-publish","hentry"],"_links":{"self":[{"href":"https:\/\/www.bildungswerksport.de\/welt\/partnerschaft\/wp-json\/wp\/v2\/pages\/1020","targetHints":{"allow":["GET"]}}],"collection":[{"href":"https:\/\/www.bildungswerksport.de\/welt\/partnerschaft\/wp-json\/wp\/v2\/pages"}],"about":[{"href":"https:\/\/www.bildungswerksport.de\/welt\/partnerschaft\/wp-json\/wp\/v2\/types\/page"}],"author":[{"embeddable":true,"href":"https:\/\/www.bildungswerksport.de\/welt\/partnerschaft\/wp-json\/wp\/v2\/users\/1"}],"replies":[{"embeddable":true,"href":"https:\/\/www.bildungswerksport.de\/welt\/partnerschaft\/wp-json\/wp\/v2\/comments?post=1020"}],"version-history":[{"count":11,"href":"https:\/\/www.bildungswerksport.de\/welt\/partnerschaft\/wp-json\/wp\/v2\/pages\/1020\/revisions"}],"predecessor-version":[{"id":1041,"href":"https:\/\/www.bildungswerksport.de\/welt\/partnerschaft\/wp-json\/wp\/v2\/pages\/1020\/revisions\/1041"}],"wp:attachment":[{"href":"https:\/\/www.bildungswerksport.de\/welt\/partnerschaft\/wp-json\/wp\/v2\/media?parent=1020"}],"curies":[{"name":"wp","href":"https:\/\/api.w.org\/{rel}","templated":true}]}}