{"id":435,"date":"2023-05-09T20:54:28","date_gmt":"2023-05-09T18:54:28","guid":{"rendered":"https:\/\/www.bildungswerksport.de\/welt\/partnerschaft\/?page_id=435"},"modified":"2026-02-15T14:27:14","modified_gmt":"2026-02-15T13:27:14","slug":"auschreibungstextgenerator","status":"publish","type":"page","link":"https:\/\/www.bildungswerksport.de\/welt\/partnerschaft\/auschreibungstextgenerator\/","title":{"rendered":"Ausschreibungstextgenerator"},"content":{"rendered":"\n<h3 class=\"wp-block-heading\">Ausschreibungstextgenerator<\/h3>\n\n\n\n<p>Nutze unseren Generator zur Erstellung der Ausschreibung f\u00fcr deine Weiterbildungskurse. Und nicht vergessen, melde uns deine Kurse.&nbsp;Denn wir f\u00f6rdern deine wertvollen Bildungsinitiativen noch zus\u00e4tzlich. Die F\u00f6rderung bietet zahlreiche Vorteile, die eure Bildungsarbeit nachhaltig unterst\u00fctzen &#8211; nicht nur finanziell.<\/p>\n\n\n\n<p>Bevor du startest, kannst du dich hier \u00fcber unsere <a href=\"https:\/\/www.bildungswerksport.de\/welt\/datenschutz\/\" target=\"_blank\" rel=\"noreferrer noopener\">Datenschutzerkl\u00e4rung<\/a> informieren.<\/p>\n\n\n\n<p>Starte in der linken Spalte mit den Angaben zu deiner geplanten Veranstaltung. Anschlie\u00dfend kannst du auf der rechten Seite die Texte generieren.<\/p>\n\n\n\n<div class=\"wp-block-ai-engine-form-container mwai-form-container\" id=\"mwai-form-container-h9jwqoor7\" data-mwai-form-container=\"true\" data-theme=\"none\">\n<div class=\"wp-block-columns is-layout-flex wp-container-core-columns-is-layout-9d6595d7 wp-block-columns-is-layout-flex\">\n<div class=\"wp-block-column is-layout-flow wp-block-column-is-layout-flow\">\n<h4 class=\"wp-block-heading\">Hier bitte die Angaben zur geplanten Veranstaltung machen:<\/h4>\n\n\n\n<div class=\"wp-block-ai-engine-form-field\">[mwai-form-field id=&#8221;mwai-v9lcrcprc&#8221; label=&#8221;Thema deiner Veranstaltung (Stichwort)&#8221; type=&#8221;input&#8221; name=&#8221;V_THEMA&#8221; options=&#8221;%5B%5D&#8221; required=&#8221;true&#8221;]<\/div>\n\n\n\n<div class=\"wp-block-ai-engine-form-field\">[mwai-form-field id=&#8221;mwai-dn9xj1xar&#8221; label=&#8221;Gib drei bis f\u00fcnf Stichworte mit Komma getrennt zu den Inhalten deiner geplanten Veranstaltung ein&#8221; type=&#8221;input&#8221; name=&#8221;V_STICHWORTE&#8221; options=&#8221;%5B%5D&#8221; placeholder=&#8221;Stichworte mit Komma getrennt&#8221; default=&#8221; &#8220;]<\/div>\n\n\n\n<div class=\"wp-block-ai-engine-form-field\">[mwai-form-field id=&#8221;mwai-n5ev21u2z&#8221; label=&#8221;Welche W\u00f6rter m\u00fcssen im Titel auftauchen?&#8221; type=&#8221;input&#8221; name=&#8221;V_TITELPFLICHT&#8221; options=&#8221;%5B%5D&#8221; default=&#8221; &#8220;]<\/div>\n\n\n\n<div class=\"wp-block-ai-engine-form-field\">[mwai-form-field id=&#8221;mwai-ac4u7r9z2&#8243; label=&#8221;Zielgruppe ausw\u00e4hlen&#8221; type=&#8221;select&#8221; name=&#8221;V_ZIELGRUPPE&#8221; options=&#8221;%5B%7B%22label%22%3A%22Eigene%20Zielgruppe%22%2C%22value%22%3A%22%20%22%7D%2C%7B%22label%22%3A%22Frauen%22%2C%22value%22%3A%22Frauen%22%7D%2C%7B%22label%22%3A%22M%C3%A4nner%22%2C%22value%22%3A%22M%C3%A4nner%22%7D%2C%7B%22label%22%3A%22Familien%22%2C%22value%22%3A%22Familien%22%7D%2C%7B%22label%22%3A%22M%C3%BCtter%22%2C%22value%22%3A%22M%C3%BCtter%22%7D%2C%7B%22label%22%3A%22Eltern%22%2C%22value%22%3A%22Eltern%22%7D%2C%7B%22label%22%3A%22Senioren%22%2C%22value%22%3A%22Senioren%22%7D%5D&#8221;]<\/div>\n\n\n\n<div class=\"wp-block-ai-engine-form-field\">[mwai-form-field id=&#8221;mwai-albsyv4ia&#8221; label=&#8221;oder eigene Zielgruppe&#8221; type=&#8221;input&#8221; name=&#8221;V_EIGENE_ZIELGRUPPE&#8221; options=&#8221;%5B%5D&#8221; default=&#8221; &#8220;]<\/div>\n\n\n\n<div class=\"wp-block-ai-engine-form-field\">[mwai-form-field id=&#8221;mwai-1gu64i58o&#8221; label=&#8221;Veranstaltungsform&#8221; type=&#8221;select&#8221; name=&#8221;V_VERANSTALTUNGSFORM&#8221; options=&#8221;%5B%7B%22label%22%3A%22Kurs%22%2C%22value%22%3A%22Kurs%22%7D%2C%7B%22label%22%3A%22Seminar%22%2C%22value%22%3A%22Seminar%22%7D%2C%7B%22label%22%3A%22Workshop%22%2C%22value%22%3A%22Workshop%22%7D%2C%7B%22label%22%3A%22Exkursion%22%2C%22value%22%3A%22Exkursion%22%7D%2C%7B%22label%22%3A%22Reise%22%2C%22value%22%3A%22Reose%22%7D%2C%7B%22label%22%3A%22Online-Kurs%22%2C%22value%22%3A%22Online-Kurs%22%7D%2C%7B%22label%22%3A%22Blended%20Learning%22%2C%22value%22%3A%22Blended-Learning%22%7D%2C%7B%22label%22%3A%22Hybrid%20Kurs%22%2C%22value%22%3A%22Hybrid-Kurs%22%7D%5D&#8221;]<\/div>\n\n\n\n<div class=\"wp-block-ai-engine-form-field\">[mwai-form-field id=&#8221;mwai-ged2e7kil&#8221; label=&#8221;Anredeform&#8221; type=&#8221;select&#8221; name=&#8221;V_ANREDEFORM&#8221; options=&#8221;%5B%7B%22label%22%3A%22Du-Form%22%2C%22value%22%3A%22Du%22%7D%2C%7B%22label%22%3A%22Sie-Form%22%2C%22value%22%3A%22Sie%22%7D%2C%7B%22label%22%3A%22Wir-Form%22%2C%22value%22%3A%22Wir%22%7D%5D&#8221;]<\/div>\n<\/div>\n\n\n\n<div class=\"wp-block-column is-layout-flow wp-block-column-is-layout-flow\">\n<h4 class=\"wp-block-heading\">Hier kannst du die Texte generieren:<\/h4>\n\n\n\n<h4 class=\"wp-block-heading\">1. Titel<\/h4>\n\n\n\n<div class=\"wp-block-ai-engine-form-output\">[mwai-form-output id=&#8221;mwai-vn08oco0k&#8221;]<\/div>\n\n\n\n<div class=\"wp-block-ai-engine-form-submit\">[mwai-form-submit id=&#8221;mwai-e30fgirob&#8221; scope=&#8221;form&#8221; local_memory=&#8221;true&#8221; label=&#8221;Titel erstellen lassen&#8221; message=&#8221;Formuliere%20f%C3%BCnf%20seri%C3%B6se%2C%20aber%20ansprechende%20Titel%20f%C3%BCr%20einen%20%7BV_VERANSTALTUNGSFORM%7D%2C%20der%20nach%20dem%20rheinland-pf%C3%A4lzischen%20Weiterbildungsgesetz%20anerkannt%20ist%2C%20zum%20Thema%20%7BV_THEMA%7D.%20Die%20Titel%20sollen%20den%20Nutzen%20f%C3%BCr%20die%20Teilnehmenden%20deutlich%20machen%20und%20Interesse%20wecken.%20Nutze%20die%20Stichworte%20%7BV_STICHWORTE%7D%20und%20Informationen%20zur%20Zielgruppe%20(%7BV_ZIELGRUPPE%7D%3A%20%7BV_EIGENE_ZIELGRUPPE%7D).%20Vermeide%20umgangssprachliche%20Formulierungen%20sowie%20die%20Begriffe%20Training%20und%20Therapie.%20Schreibe%20in%20der%20%7BV_ANREDEFORM%7D.%20Gib%20nur%20die%20Titel%20aus.&#8221; output_element=&#8221;#mwai-vn08oco0k&#8221; model=&#8221;gpt-5.1&#8243; temperature=&#8221;0.8&#8243; max_tokens=&#8221;16384&#8243; env_id=&#8221;e9ivv4ak&#8221;]<\/div>\n\n\n\n<div style=\"height:25px\" aria-hidden=\"true\" class=\"wp-block-spacer\"><\/div>\n\n\n\n<h4 class=\"wp-block-heading\">2. Lerninhalt:<\/h4>\n\n\n\n<div class=\"wp-block-ai-engine-form-output\">[mwai-form-output id=&#8221;mwai-762yonyw7&#8243;]<\/div>\n\n\n\n<div class=\"wp-block-ai-engine-form-submit\">[mwai-form-submit id=&#8221;mwai-n7jwrkwbl&#8221; scope=&#8221;form&#8221; local_memory=&#8221;true&#8221; label=&#8221;Lerninhalte erstellen&#8221; message=&#8221;Beschreibe%20die%20Lerninhalte%20f%C3%BCr%20einen%20%7BV_VERANSTALTUNGSFORM%7D%2C%20der%20nach%20dem%20rheinland-pf%C3%A4lzischen%20Weiterbildungsgesetz%20anerkannt%20ist%2C%20zum%20Thema%20%7BV_THEMA%7D.%20Die%20Darstellung%20soll%20klar%2C%20strukturiert%20und%20nachvollziehbar%20sein.%20Nutze%20die%20Stichworte%20%7BV_STICHWORTE%7D%20und%20richte%20die%20Inhalte%20an%20der%20Zielgruppe%20(%7BV_ZIELGRUPPE%7D%3A%20%7BV_EIGENE_ZIELGRUPPE%7D)%20aus.%20Die%20Formulierungen%20sollen%20sachlich%2C%20verst%C3%A4ndlich%20und%20gleichzeitig%20motivierend%20sein.%20Verwende%20die%20%7BV_ANREDEFORM%7D.%20Gib%20nur%20die%20Lerninhalte%20aus.&#8221; output_element=&#8221;#mwai-762yonyw7&#8243; model=&#8221;gpt-5.1&#8243; temperature=&#8221;0.8&#8243; max_tokens=&#8221;16384&#8243; env_id=&#8221;e9ivv4ak&#8221;]<\/div>\n\n\n\n<div style=\"height:25px\" aria-hidden=\"true\" class=\"wp-block-spacer\"><\/div>\n\n\n\n<h4 class=\"wp-block-heading\">3. Zielgruppe:<\/h4>\n\n\n\n<div class=\"wp-block-ai-engine-form-output\">[mwai-form-output id=&#8221;mwai-jqkjofyfe&#8221;]<\/div>\n\n\n\n<div class=\"wp-block-ai-engine-form-submit\">[mwai-form-submit id=&#8221;mwai-89igudrrw&#8221; scope=&#8221;form&#8221; local_memory=&#8221;true&#8221; label=&#8221;Zielgruppe beschreiben&#8221; message=&#8221;Formuliere%20eine%20pr%C3%A4zise%20und%20seri%C3%B6se%20Beschreibung%20der%20Zielgruppe%20f%C3%BCr%20einen%20%7BV_VERANSTALTUNGSFORM%7D%2C%20der%20nach%20dem%20rheinland-pf%C3%A4lzischen%20Weiterbildungsgesetz%20anerkannt%20ist%2C%20zum%20Thema%20%7BV_THEMA%7D.%20Nutze%20die%20Informationen%20aus%20%7BV_ZIELGRUPPE%7D%20und%20%7BV_EIGENE_ZIELGRUPPE%7D.%20Die%20Sprache%20soll%20wertsch%C3%A4tzend%20und%20einladend%20sein%2C%20ohne%20zu%20salopp%20zu%20wirken.%20Schreibe%20in%20der%20%7BV_ANREDEFORM%7D.&#8221; output_element=&#8221;#mwai-jqkjofyfe&#8221; model=&#8221;gpt-5.1&#8243; temperature=&#8221;0.8&#8243; max_tokens=&#8221;16384&#8243; env_id=&#8221;e9ivv4ak&#8221;]<\/div>\n\n\n\n<div style=\"height:25px\" aria-hidden=\"true\" class=\"wp-block-spacer\"><\/div>\n\n\n\n<h4 class=\"wp-block-heading\">4. Lernziele:<\/h4>\n\n\n\n<div class=\"wp-block-ai-engine-form-output\">[mwai-form-output id=&#8221;mwai-m7b1i1qel&#8221;]<\/div>\n\n\n\n<div class=\"wp-block-ai-engine-form-submit\">[mwai-form-submit id=&#8221;mwai-6d1aqaf4k&#8221; scope=&#8221;form&#8221; local_memory=&#8221;true&#8221; label=&#8221;Lernziele formulieren&#8221; message=&#8221;Erstelle%20f%C3%BCnf%20pr%C3%A4zise%20und%20nachvollziehbare%20Lernziele%20f%C3%BCr%20einen%20%7BV_VERANSTALTUNGSFORM%7D%2C%20der%20nach%20dem%20rheinland-pf%C3%A4lzischen%20Weiterbildungsgesetz%20anerkannt%20ist%2C%20zum%20Thema%20%7BV_THEMA%7D.%20Die%20Lernziele%20sollen%20den%20konkreten%20Kompetenzzuwachs%20f%C3%BCr%20die%20Teilnehmenden%20in%20den%20Vordergrund%20stellen.%20Nutze%20die%20Stichworte%20%7BV_STICHWORTE%7D%20als%20Orientierung%20und%20schreibe%20in%20der%20%7BV_ANREDEFORM%7D.%20Verwende%20klare%2C%20formale%20und%20dennoch%20motivierende%20Formulierungen.%20Gib%20nur%20die%20Lernziele%20aus%2C&#8221; output_element=&#8221;#mwai-m7b1i1qel&#8221; model=&#8221;gpt-5.1&#8243; temperature=&#8221;0.8&#8243; max_tokens=&#8221;16384&#8243; env_id=&#8221;e9ivv4ak&#8221;]<\/div>\n\n\n\n<div style=\"height:25px\" aria-hidden=\"true\" class=\"wp-block-spacer\"><\/div>\n\n\n\n<h4 class=\"wp-block-heading\">5. Veranstaltungsinhalte:<\/h4>\n\n\n\n<div class=\"wp-block-ai-engine-form-output\">[mwai-form-output id=&#8221;mwai-hqbpl4hrv&#8221;]<\/div>\n\n\n\n<div class=\"wp-block-ai-engine-form-submit\">[mwai-form-submit id=&#8221;mwai-rslu4q1dz&#8221; scope=&#8221;form&#8221; local_memory=&#8221;true&#8221; label=&#8221;Veranstaltungsinhalte erstellen&#8221; message=&#8221;Erstelle%20eine%20strukturierte%20%C3%9Cbersicht%20der%20Inhalte%20f%C3%BCr%20einen%20%7BV_VERANSTALTUNGSFORM%7D%2C%20der%20nach%20dem%20rheinland-pf%C3%A4lzischen%20Weiterbildungsgesetz%20anerkannt%20ist%2C%20zum%20Thema%20%7BV_THEMA%7D.%20Die%20Inhalte%20sollen%20sachlich%2C%20verst%C3%A4ndlich%20und%20zielgerichtet%20formuliert%20sein%20und%20die%20Stichworte%20%7BV_STICHWORTE%7D%20ber%C3%BCcksichtigen.%20Richte%20die%20Inhalte%20an%20der%20Zielgruppe%20(%7BV_ZIELGRUPPE%7D%3A%20%7BV_EIGENE_ZIELGRUPPE%7D)%20aus.%20Schreibe%20in%20der%20%7BV_ANREDEFORM%7D.%20Gib%20nur%20die%20Inhalte%20aus.&#8221; output_element=&#8221;#mwai-hqbpl4hrv&#8221; model=&#8221;gpt-5.1&#8243; temperature=&#8221;0.8&#8243; max_tokens=&#8221;16384&#8243; env_id=&#8221;e9ivv4ak&#8221;]<\/div>\n\n\n\n<div style=\"height:25px\" aria-hidden=\"true\" class=\"wp-block-spacer\"><\/div>\n\n\n\n<h4 class=\"wp-block-heading\">6. Gr\u00fcnde, die f\u00fcr eine Teilnahme sprechen:<\/h4>\n\n\n\n<div class=\"wp-block-ai-engine-form-output\">[mwai-form-output id=&#8221;mwai-xbxs7t8tx&#8221;]<\/div>\n\n\n\n<div class=\"wp-block-ai-engine-form-submit\">[mwai-form-submit id=&#8221;mwai-1066196tf&#8221; scope=&#8221;form&#8221; local_memory=&#8221;true&#8221; label=&#8221;Gute Gr\u00fcnde zur Teilnahme erstellen&#8221; message=&#8221;Nenne%20f%C3%BCnf%20nachvollziehbare%20und%20%C3%BCberzeugende%20Gr%C3%BCnde%2C%20warum%20die%20Zielgruppe%20(%7BV_ZIELGRUPPE%7D%3A%20%7BV_EIGENE_ZIELGRUPPE%7D)%20an%20diesem%20%7BV_VERANSTALTUNGSFORM%7D%2C%20der%20nach%20dem%20rheinland-pf%C3%A4lzischen%20Weiterbildungsgesetz%20anerkannt%20ist%2C%20zu%20%7BV_THEMA%7D%20teilnehmen%20sollte.%20Die%20Begr%C3%BCndungen%20sollen%20sachlich%2C%20aber%20motivierend%20formuliert%20sein%20und%20sowohl%20den%20pers%C3%B6nlichen%20als%20auch%20den%20beruflichen%20Nutzen%20verdeutlichen.%20Schreibe%20in%20der%20%7BV_ANREDEFORM%7D.&#8221; output_element=&#8221;#mwai-xbxs7t8tx&#8221; model=&#8221;gpt-5.1&#8243; temperature=&#8221;0.8&#8243; max_tokens=&#8221;16384&#8243; env_id=&#8221;e9ivv4ak&#8221;]<\/div>\n<\/div>\n<\/div>\n<\/div>\n","protected":false},"excerpt":{"rendered":"<p>Ausschreibungstextgenerator Nutze unseren Generator zur Erstellung der Ausschreibung f\u00fcr deine Weiterbildungskurse. Und nicht vergessen, melde uns deine Kurse.&nbsp;Denn wir f\u00f6rdern deine wertvollen Bildungsinitiativen noch zus\u00e4tzlich. Die F\u00f6rderung bietet zahlreiche Vorteile, die eure Bildungsarbeit nachhaltig unterst\u00fctzen &#8211; nicht nur finanziell. Bevor du startest, kannst du dich hier \u00fcber unsere Datenschutzerkl\u00e4rung informieren. Starte in der linken Spalte&hellip; <br \/> <a class=\"button small blue\" href=\"https:\/\/www.bildungswerksport.de\/welt\/partnerschaft\/auschreibungstextgenerator\/\">Weiterlesen<\/a><\/p>\n","protected":false},"author":1,"featured_media":0,"parent":0,"menu_order":0,"comment_status":"closed","ping_status":"closed","template":"","meta":{"footnotes":""},"class_list":["post-435","page","type-page","status-publish","hentry"],"_links":{"self":[{"href":"https:\/\/www.bildungswerksport.de\/welt\/partnerschaft\/wp-json\/wp\/v2\/pages\/435","targetHints":{"allow":["GET"]}}],"collection":[{"href":"https:\/\/www.bildungswerksport.de\/welt\/partnerschaft\/wp-json\/wp\/v2\/pages"}],"about":[{"href":"https:\/\/www.bildungswerksport.de\/welt\/partnerschaft\/wp-json\/wp\/v2\/types\/page"}],"author":[{"embeddable":true,"href":"https:\/\/www.bildungswerksport.de\/welt\/partnerschaft\/wp-json\/wp\/v2\/users\/1"}],"replies":[{"embeddable":true,"href":"https:\/\/www.bildungswerksport.de\/welt\/partnerschaft\/wp-json\/wp\/v2\/comments?post=435"}],"version-history":[{"count":200,"href":"https:\/\/www.bildungswerksport.de\/welt\/partnerschaft\/wp-json\/wp\/v2\/pages\/435\/revisions"}],"predecessor-version":[{"id":1294,"href":"https:\/\/www.bildungswerksport.de\/welt\/partnerschaft\/wp-json\/wp\/v2\/pages\/435\/revisions\/1294"}],"wp:attachment":[{"href":"https:\/\/www.bildungswerksport.de\/welt\/partnerschaft\/wp-json\/wp\/v2\/media?parent=435"}],"curies":[{"name":"wp","href":"https:\/\/api.w.org\/{rel}","templated":true}]}}